of z.
2
Suppose -34 = -4*h + d, d + 0*d - 38 = -5*h. Suppose 3*l = -3*v - 15, -3*l + 5*v = -5*l + 5. What are the prime factors of l/(-1) + h/4?
2, 3
Suppose 4*t - 1765 = -5*p, -335 + 1058 = 2*p + 5*t. What are the prime factors of p?
349
Let v = 182 + -55. Let y = 280 - v. What are the prime factors of y?
3, 17
Suppose -5*a + 140 = 5*w, 0*a - 94 = -3*a - 5*w. Let n = 107 - a. List the prime factors of n.
2, 3, 7
Let w = 351 + -36. Suppose -4*r + w = -145. What are the prime factors of r?
5, 23
Suppose -y + 1716 = 2*y. Suppose 3*i - 5*f = -0*i + 389, 0 = 4*i + 4*f - y. List the prime factors of i.
2, 3, 23
Let b(d) = 18*d**3 + 2*d**2 - 2*d + 14. What are the prime factors of b(4)?
2, 5, 7, 17
Suppose 5*p = 2*r + 3 + 2, 0 = 3*p - 5*r + 16. Suppose p*j - 84 = 2*j. List the prime factors of j.
2, 3, 7
Suppose -u + 15 = 3*f, -4*f + 5 = u - 15. Suppose 188 = 2*g + 4*r, 4*g = -u*r - 2*r + 400. What are the prime factors of g?
2, 3, 17
List the prime factors of (1 + (-25)/2)*(39 + -53).
7, 23
Suppose 0 = -2*f + 2*v + 1590, 5*f = -19*v + 23*v + 3974. List the prime factors of f.
2, 397
Let x = 1200 + 313. List the prime factors of x.
17, 89
Suppose 18 = 5*z - 162. Let a = z - 28. What are the prime factors of ((-36)/a)/9*-22?
11
Suppose 7*f - 287 - 49 = 0. What are the prime factors of f?
2, 3
Let c be (1/(-2))/(1/24). Let m be (c/18)/(4/(-78)). Suppose 0 = -2*x + k - 6*k + 34, 0 = -3*x + 2*k + m. List the prime factors of x.
7
Let g(d) = 9*d + 4. Let j be g(3). Suppose -5*n + 4*m = 30, m = n + 7 - 1. Let y = n + j. List the prime factors of y.
5
List the prime factors of -1*(-4)/(-6) + 1952/12.
2, 3
Let v be ((-32)/12)/(-4)*6. Let z(n) = 17 + 7 + v*n - 3*n. List the prime factors of z(6).
2, 3, 5
Let s = -1704 - -3505. List the prime factors of s.
1801
Suppose 4*c = 18 + 6. Suppose 2*o = -c + 12. Suppose 0 = 7*g - o*g - 128. What are the prime factors of g?
2
Suppose -4*h = -h, -4*w + 2*h + 12168 = 0. What are the prime factors of w?
2, 3, 13
What are the prime factors of (-11012)/(-6) + (-144)/(-216)?
2, 3, 17
Let c(s) = -s**3 + 10*s**2 - 4*s - 5. Let t(q) = -q + 3. Let k be t(-6). Let v be c(k). Suppose 2*b + 8 = -4*o + v, -5*o - 25 = 0. List the prime factors of b.
2, 13
Let k(r) = r**3 - 16*r**2 + 17*r + 2. Let v be k(15). Suppose 0 = -2*y + 12 + v. List the prime factors of y.
2, 11
Let w(n) = -n**3 + 10*n**2 + 20. Suppose 4 - 13 = -i. List the prime factors of w(i).
101
Let s = -7 - -6. Let b(h) = 9*h + 22. Let f(i) = 1. Let v(x) = s*b(x) + 5*f(x). What are the prime factors of v(-7)?
2, 23
Let z be (-2)/(-5) - 0 - (-207)/45. Suppose 5*t - 2*t - 53 = -z*b, -2*t + 14 = -2*b. What are the prime factors of t?
11
Let f(y) = 31*y + 42. What are the prime factors of f(6)?
2, 3, 19
Let n(i) = 4*i - 1. Let j(g) = -g**3 - 4*g**2 - 3*g - 3. Let o be j(-2). Let t be 4/(1 + o)*-5. What are the prime factors of n(t)?
19
Let w(t) be the first derivative of 7*t**2/2 - 9*t - 5. Let z = -11 - -17. What are the prime factors of w(z)?
3, 11
Let h(d) = 3*d. Let x be h(1). Let v(u) = -u + 2*u + 4*u - 3*u - x. What are the prime factors of v(7)?
11
Suppose 2 = 2*x, i = 4*i + 3*x - 1533. Let s be i/8 - (-1)/4. Suppose 3*a - 3*b - 2*b - s = 0, -2*a + 4*b = -40. List the prime factors of a.
2, 7
Let v be (-1)/(-5) - (-162)/(-10). Let r(c) = -8*c + 22. What are the prime factors of r(v)?
2, 3, 5
Let w(a) = 2*a**3 - 7*a**2 + 9. Let r be w(7). Suppose 1012 - r = 4*d. List the prime factors of d.
3, 5, 11
Let y = 4 + 5. Let n be (1*-2)/((-6)/y). Suppose 0*r + 60 = 3*r + n*u, -4*r + 5*u + 98 = 0. List the prime factors of r.
2, 11
Let v(h) = h**3 - 3*h + 6. Let k = -7 - -11. Let n be v(k). What are the prime factors of 6/(-18) + n/3?
19
Let h(i) = i**3 + 13*i**2 - 18*i + 16. Let k be h(-14). Let w = k - 35. What are the prime factors of w?
37
Let s(n) = -1. Let t(d) = 7 - 3 + 23*d + 8*d - d. Let h(y) = 5*s(y) + t(y). What are the prime factors of h(1)?
29
Suppose -103*p + 110*p - 1848 = 0. Suppose 6*b - p = -3*f + 3*b, -176 = -2*f + 2*b. What are the prime factors of f?
2, 11
Suppose 3*a - 9 = 2*w + w, 3*a - 9 = 0. Suppose -12*v + 8*v - 16 = w. List the prime factors of -14*(3 + 18/v).
3, 7
Let o(w) = 6*w**2 + 58*w + 11. What are the prime factors of o(-11)?
3, 11
Suppose 0 = -4*u + 4*b - 168, -4*u - 116 = -u - b. Let o = 19 - u. List the prime factors of o.
2, 7
Suppose -2*c - 2*h + 180 = 0, 0 = 4*c - 4*h - 0*h - 328. Let i be c*1 - (2 + 1). Suppose 2*b - 1 = -q + 26, 3*b = -4*q + i. What are the prime factors of q?
17
Let q = -3060 - -4653. What are the prime factors of q?
3, 59
Suppose -p + 16 = 3*p, -i + p = 268. What are the prime factors of ((7/(-4))/(11/i))/1?
2, 3, 7
Let y be ((-4)/3)/((-4)/6). Suppose 2*n - n + y = 0. Let k(t) = -3*t**3 - 2*t**2 - 2*t + 1. List the prime factors of k(n).
3, 7
Let g = 653 + -441. List the prime factors of g.
2, 53
List the prime factors of (-22)/(-11)*(349/2 - -2).
353
Suppose 5*x - 285 = -10*l + 8*l, 3*x = 15. List the prime factors of l.
2, 5, 13
Suppose -50447 = -73*o + 49271. What are the prime factors of o?
2, 683
Suppose t - f - 6 = 0, 5*t - 14 = 3*t + 3*f. Suppose x - 142 = t*a + 72, -x = a - 219. What are the prime factors of x?
2, 109
Let s = -549 + 947. What are the prime factors of s?
2, 199
Suppose 2*q - 1 = -41. Let p be (50/(-4))/((-10)/q). Let d = 68 + p. List the prime factors of d.
43
Let s(h) = -37*h. Let x be s(-1). Let v(c) = -c**2 + 22*c - 35. Let t be v(20). Suppose t*r = x - 12. List the prime factors of r.
5
What are the prime factors of 972 - (4 - (7 + -6))?
3, 17, 19
Let q(l) = -1 + 0 - 1 + l + 1. What are the prime factors of q(11)?
2, 5
Let x = 365 - 154. Suppose -x = -2*l + 145. List the prime factors of l.
2, 89
List the prime factors of 4 + 105 + (-9 + 3)/(-2).
2, 7
Suppose -y = 3*y - 12. Suppose -t + 13 = 2*x, -4*t = -2*x + y*x - 24. What are the prime factors of x?
2
Let f(h) = -12*h**2 - 3*h + 2. Let n be f(-3). Let r = n - -195. Suppose -2*x - 16 = -r. What are the prime factors of x?
41
Let n(q) = 12*q**2 - q + 1. Let a be n(1). Let p be 1*a*(-27)/(-6). Suppose 0 = 2*w - 5*l - 54, -w + p = w - 2*l. What are the prime factors of w?
3
Suppose 4*x + s = 107, 6 = 3*x - 2*s - 88. Suppose -6*q + 44 = -x. List the prime factors of q.
2, 3
Let t(d) = d**3 + 20*d**2 + 36*d + 6. Let s be t(-18). Suppose -223 = -s*a + 545. List the prime factors of a.
2
Let p be -2 + 24/14 - 132/28. Suppose 3*v + 10 = -2*v. List the prime factors of ((-1)/v)/(p/(-250)).
5
Suppose 51150 = -49*o + 60*o. What are the prime factors of o?
2, 3, 5, 31
Let p(z) = -2*z**3 + 4*z**2 - 4*z - 2. Let r be p(-4). Suppose -3*g + 29 = -3*v + 275, r = 3*v + 5*g. List the prime factors of v.
7, 11
Let k(o) = o**2 + 8*o - 4. Suppose -3*y + 6 = -3*g, 2*g - 3 = -y - 1. Suppose -9 = -3*j - 0, n + y*j = -3. List the prime factors of k(n).
5
Let d = -11 + 9. What are the prime factors of (-6 - -5)/(d/28)?
2, 7
Let f(y) = y**3 + 16*y**2 - 17*y - 39. List the prime factors of f(-12).
3, 13, 19
Let c(o) = o - 16. Let h(u) = u + 10. Let b(l) = 3*l + 21. Let y(d) = -2*b(d) + 5*h(d). Let t(n) = 3*c(n) + 7*y(n). List the prime factors of t(-7).
2, 3
Let x be (8/6)/((-42)/(-315)). Suppose -6*f + x*f = 356. List the prime factors of f.
89
Suppose -2*a = -4*a - 40. Let k = a - -22. Suppose -k*d + 18 = 14. List the prime factors of d.
2
Let j be ((-1)/1)/((-3)/48). Suppose -2*w + j + 2 = -4*c, -16 = 3*c - 2*w. Let f = c - -27. What are the prime factors of f?
5
Let y = -1179 + 2120. What are the prime factors of y?
941
Let y be (-180)/8 - 2/(2*-2). Let r = y - -81. List the prime factors of r.
59
Let w = 22 + -22. Let n(j) = j + 2 + 3 + 7 + w. What are the prime factors of n(11)?
23
Suppose 2*f = -5*p + 300, -3*p + 2*p = -5*f - 60. Suppose -130 = -5*l + p. What are the prime factors of l?
2, 19
Let v = 92 - -40. Suppose 5*t - 161 = -4*j + v, 0 = 3*j - t - 215. What are the prime factors of j?
2, 3
Suppose 80 - 5 = -5*b. Let s(a) = a**3 + 17*a**2 + 11*a - 33. List the prime factors of s(b).
2, 3, 7
Suppose 2*p + 4 = 3*z, -2 = -2*z + 2*p - 0. Let w(a) = -a**2 - 7*a + 9. Let d be w(-8). Let r = z + d. List the prime factors of r.
3
What are the prime factors of 2690/6 + 19/(-57)?
2, 7
Let x(o) = -2*o - 10. Let a(l) = -4*l + 0*l + 3*l + 5*l + 19. Let q(k) = 